nder when 82 is divided by a.
19
Suppose -283 = -17*b + 686. Calculate the remainder when 184 is divided by b.
13
Suppose q = 3*q - 2*b - 220, -4 = 4*b. Let s = 91 - -6. Let m = q - s. What is the remainder when 33 is divided by m?
9
Suppose -o - l + 913 = 0, -49*o + 50*o - 3*l - 925 = 0. Calculate the remainder when o is divided by 153.
151
Let b = -154 + 344. What is the remainder when b is divided by 4/(-126) + 36945/2835?
8
Let r = -199 - -361. Suppose 82*j - 85*j + r = 0. Calculate the remainder when 157 is divided by j.
49
Suppose 4*i + 2*q - 529 = -23, -393 = -3*i + 3*q. Calculate the remainder when i is divided by 3 + 3 + 11 + 3 + 6.
24
Let b = -895 + 923. Calculate the remainder when -2*1*(-2 - 15) is divided by b.
6
Suppose -46*l = -44*l - 8. Suppose 0 = 4*o + 18*a - 13*a - 67, -72 = -4*o - l*a. Calculate the remainder when 181 is divided by o.
20
Suppose 5*a - 2*a - 5*i = -3, 2*a = -3*i - 21. What is the remainder when 3 is divided by ((-4)/a)/(2/6)*1?
1
Let c be (-10)/4*118/(-5). Let j = c - 42. Suppose -6*k + 271 = -29. Calculate the remainder when k is divided by j.
16
Let i be -1 - ((-9)/4 - 15/20). What is the remainder when (i/(-5))/(2844/570 + -5) is divided by 9?
2
Suppose -56 = -2*z - 12. Let j = -73 + 105. Let v = j + -28. Calculate the remainder when z is divided by v.
2
Suppose 2*y - 18 = -4*k, -3*y + 16 = 3*k - y. Suppose 18 = k*a + 20. Calculate the remainder when 63 is divided by (-4)/(-14) + (-472)/(-14) + a.
30
Suppose -l = -5 - 1. Let z = -7 + 124. Calculate the remainder when z is divided by l.
3
Suppose 326 = -14*r - 94. What is the remainder when 79 is divided by ((-26)/(-10))/((-3)/r)?
1
Suppose 0 = -3*z + 2*o + 572, 0 = 9*z - 6*z - 3*o - 573. Calculate the remainder when 376 is divided by z.
186
Let u = 557 - 94. Calculate the remainder when u is divided by 28.
15
Let p be 2/(-3) - (-110)/66. Let u be p/2*2514 + 4. Calculate the remainder when (u/(-39))/(1/(-3)) is divided by 25.
22
Suppose 454272 = 333*u - 21*u. Calculate the remainder when u is divided by 413.
217
Let p be 4/16 + 12/16 - -3. Suppose -5*r = 4*t - 190, p*r + 4*t = 2*r + 76. What is the remainder when 113 is divided by r?
37
Suppose -4*j - 726 = 270. Let o = 270 + j. What is the remainder when o is divided by 2/(-1 - 15/(-13))?
8
Suppose -9*c + 3*c + 24 = 0. Suppose 6*l + c*l = -90. Let k(h) = -4*h - 9. What is the remainder when 79 is divided by k(l)?
25
Let f = 140 - -175. What is the remainder when f is divided by 97?
24
Suppose 0 = 9*n - 11*n + 42. What is the remainder when 721/28*2*2 is divided by n?
19
Suppose 24*c = 19*c + 3*g + 302, -c + 2*g + 59 = 0. Suppose -c = -2*o + 3*x, 0 = 21*o - 18*o - 3*x - 84. Calculate the remainder when o is divided by 7.
2
Suppose 73*a + 131930 = 93*a + 147*a. Calculate the remainder when a is divided by 12.
10
Let k(o) = 25*o + 57. Let q(x) = 26*x + 55. Let w(v) = 4*k(v) - 5*q(v). What is the remainder when 36 is divided by w(-2)?
10
Suppose 0 = -4*o - 0*o + 420. Let r(t) = -t**3 + 4*t**2 + 11*t + 18. Calculate the remainder when o is divided by r(6).
9
Calculate the remainder when -1784*(140/(-630) - (-14)/(-18)) is divided by 19.
17
Suppose -19030 - 14477 = -27*s. What is the remainder when s is divided by 69?
68
Suppose 6*z = -5*a + 223, 86*a - 83*a = 2*z + 145. Let l(x) = -x**3 + 2*x**2 + 2*x + 2. Calculate the remainder when a is divided by l(-3).
6
Suppose 150 = 3*i - 3*b, -15 = -i + 5*b + 35. Suppose -q - i = -115. Calculate the remainder when 251 is divided by q.
56
Suppose 18 - 28 = 10*l. What is the remainder when (l - -55)*6/12 is divided by 11?
5
Suppose -269*n = -324*n + 935. What is the remainder when 23117 is divided by n?
14
Suppose 10*x = -274 + 1144. What is the remainder when 6/(-8) + 1 + x/4 is divided by 7?
1
Suppose 269*n = 28626 + 18449. What is the remainder when n is divided by 87?
1
Suppose 7191 = 3*u + 2640. Calculate the remainder when u is divided by 33.
32
Suppose 26*j - 2083 = -1437 + 3566. What is the remainder when 475 is divided by j?
151
Let v be (-2)/(-9) - 104/(-18). Suppose v*r - 17*r + 220 = 0. Calculate the remainder when 37 is divided by r.
17
Suppose 2*i = -5*t + 92, -t + 3*i + 40 = 8. What is the remainder when t is divided by (-2)/1*1/(10/(-45))?
2
Suppose -4*o + 1062 = 3*k, 5*k = -17*o + 16*o + 1770. Calculate the remainder when k is divided by 71.
70
Let k(s) = 2*s - 8. Suppose 227*z = 78*z + 4619. Calculate the remainder when z is divided by k(8).
7
Let d = 3136 - 1826. What is the remainder when d is divided by 57?
56
Let t = -112 - -44. Calculate the remainder when t/(-4)*(-3 + 4) is divided by 3*(-1 - (-5 - -1)).
8
Let v(w) = 192*w**3 - 2*w**2 + 6*w - 92*w**3 - 4 + 36*w**3 + 221*w**3 + 266*w**3. What is the remainder when v(1) is divided by 78?
77
Let h(q) = -124*q + 1783. Calculate the remainder when h(5) is divided by 88.
19
Suppose -147 = -5*i - 3*j, 2*i + 0*i - 66 = -3*j. Suppose -478*z + 11325 = -443*z + 720*z. What is the remainder when i is divided by z?
12
Suppose 5*w + 4*c = 55, 4*w + c - 62 + 7 = 0. Let x be (-2)/(-5) - 294/(-15). Let n = w + x. Calculate the remainder when 69 is divided by n.
34
Let o = -250 - -586. What is the remainder when o is divided by 0 + 67 + 9/9?
64
Suppose c = -4*i - 674, 506 = -2*i - i - c. Calculate the remainder when (-7)/28 + (-237)/(-4) + 0 is divided by (10/(-7))/(12/i).
19
Let q = -17 - -26. Suppose q*g = -114 + 2103. Calculate the remainder when g is divided by 16.
13
Let a(t) = t**2 - t - 3. Let c be a(-2). Calculate the remainder when (-113)/(c + 12/(-3)) is divided by 29.
26
Let v(k) = -3*k**3 + 83*k**2 + 12*k + 478. Calculate the remainder when 2052 is divided by v(28).
12
Let l be 0/((-5 - (-10 + 6))/1). Let o(h) = -h**2 + 5*h - 5. Let w be o(4). What is the remainder when 99 is divided by -1 - l - -30 - (w - -4)?
21
Suppose 871 = 2*b - 3*l, -49*b = -40*b - 5*l - 3877. What is the remainder when 1298 is divided by b?
14
Suppose -3*q - 94 = -2*a, -5*a + 51 + 179 = -5*q. Suppose 2*l - a = -2*f, -4*l = -8*l - f + 79. Calculate the remainder when 111 is divided by l.
16
Suppose 0 = 5*c + z - 6*z - 225, 2*c + 4*z = 66. Suppose -239*t + 285 = -238*t. What is the remainder when t is divided by c?
39
Suppose 5*i - 145 = 3*a + 704, 689 = 4*i - a. What is the remainder when 4519 is divided by i?
169
Suppose 1 = 5*k - 19. Suppose 0 = -4*y + 4*n + 368, 0*n - n = -k. What is the remainder when y is divided by (-2 + 7)*66/10?
30
Let g(p) = p**3 - 82*p**2 + 72*p + 777. Calculate the remainder when 159 is divided by g(81).
15
Suppose 39*y + 3*j - 61 = 35*y, -4*y + 4*j + 40 = 0. Calculate the remainder when 12932 is divided by y.
10
Suppose -205958 = -112*v + 83*v. Calculate the remainder when v is divided by 19.
15
Suppose -220 = -2*f + 5*v, -f + 5*v = -104 + 4. Calculate the remainder when 659 is divided by f.
59
Suppose 0 = 3*g - 4 - 8. Let i(z) = -z**2 - z + 27. Let q be -8 + (-6)/12*-8. Calculate the remainder when i(q) is divided by g.
3
Suppose 2*i + 3*i + 268 = 4*s, 2*s - 120 = -i. Let p = -363 - -608. What is the remainder when p is divided by s?
59
Suppose -858 = -3*l - 0*n - 3*n, -2*n = 10*l - 2900. Calculate the remainder when l is divided by 4.
3
Let h = -21136 + 21159. What is the remainder when 9358 is divided by h?
20
Let m(y) = -13 + 7 - 7 + 2*y**2 - y**3 - 8*y - 5*y**2. Let p be m(-4). Let w = p - -67. What is the remainder when w is divided by 7?
4
Let o = 4725 + -4656. Calculate the remainder when 200 is divided by o.
62
Let a = 6 - 4. Suppose 5*h = 5*r + 170, 0 = 2*h + 2*h - a*r - 136. What is the remainder when 3/2*(107 - 17) is divided by h?
33
Let w(t) = 5*t - 3. Let d(f) = -f**3 - 14*f**2 + 4*f + 82. Calculate the remainder when d(-14) is divided by w(2).
5
Calculate the remainder when 5 - (-3035)/(1 - 0)*1 is divided by 13.
11
Let i = 11 - 6. Suppose 64*w - 4*r = 68*w - 80, 0 = 3*w + 4*r - 69. Calculate the remainder when w is divided by i.
1
Let f(x) be the first derivative of 15*x**3 - 3*x**2 + 2*x + 84. Calculate the remainder when 121 is divided by f(1).
39
Suppose 5*l - 75 = 4*t, -11*l = -7*l + 5*t - 101. What is the remainder when 142 is divided by l?
9
Suppose -27*q + 36 + 18 = 0. Suppose 22 = s + q*x, -8*x = 5*s - 3*x - 85. Calculate the remainder when 441 is divided by s.
9
Suppose 2